ert 2a8 (base 12) to base 3.
120102
Convert 72a6 (base 13) to base 3.
210202011
-1001 (base 5) to base 10
-126
What is 13aed (base 15) in base 16?
f6f7
What is 5932 (base 14) in base 4?
3302220
30333 (base 4) to base 12
593
-1357 (base 8) to base 4
-23233
Convert -11144 (base 5) to base 4.
-30133
c37 (base 13) to base 9
2754
100010111001 (base 2) to base 3
10001201
What is 67 (base 11) in base 7?
133
Convert -48c6 (base 15) to base 5.
-443421
What is 468 (base 13) in base 2?
1011111010
What is -43309 (base 10) in base 12?
-21091
What is 1001100101110 (base 2) in base 14?
1b0a
74 (base 8) to base 2
111100
Convert -215 (base 7) to base 6.
-302
What is -541 (base 15) in base 16?
-4a2
-1925 (base 11) to base 9
-3318
-55 (base 16) to base 4
-1111
-18d1 (base 16) to base 3
-22201022
What is -6343 (base 7) in base 10?
-2236
Convert -10000111000 (base 2) to base 11.
-8a2
Convert -101100 (base 5) to base 6.
-23055
Convert 4442 (base 5) to base 12.
43a
Convert 101111001010 (base 2) to base 10.
3018
What is -1011010010 (base 2) in base 8?
-1322
Convert -1321 (base 10) to base 12.
-921
What is -5a26 (base 11) in base 9?
-11740
2325 (base 6) to base 3
202122
What is 3344 (base 6) in base 9?
1061
What is 100200 (base 3) in base 13?
171
What is -3a70 (base 11) in base 3?
-21020120
2838 (base 12) to base 11
354a
What is -1131 (base 5) in base 15?
-b1
-232325 (base 8) to base 5
-10012221
Convert 14020 (base 5) to base 8.
2157
-1001110010 (base 2) to base 10
-626
360 (base 7) to base 4
2331
525 (base 13) to base 11
727
What is e5ea (base 16) in base 3?
2222201221
-429 (base 10) to base 5
-3204
-384 (base 12) to base 15
-257
-1ce (base 15) to base 4
-12203
What is 11000110000111 (base 2) in base 16?
3187
What is -8a5 (base 13) in base 5?
-21422
Convert -11100111010011 (base 2) to base 8.
-34723
Convert -15434 (base 8) to base 6.
-52044
-1001201222 (base 3) to base 5
-1132301
Convert 14710 (base 9) to base 16.
2745
846 (base 12) to base 3
1122200
-3b977 (base 12) to base 3
-11012022101
Convert 876 (base 10) to base 2.
1101101100
What is -12601 (base 8) in base 11?
-4155
What is 542 (base 6) in base 8?
316
Convert 63 (base 10) to base 8.
77
What is -18466 (base 9) in base 12?
-7489
422044 (base 5) to base 8
33310
What is 298 (base 15) in base 5?
4333
-3222 (base 5) to base 6
-2005
Convert 26842 (base 9) to base 13.
8378
What is -50 (base 6) in base 13?
-24
Convert -138 (base 14) to base 15.
-116
Convert 11622 (base 7) to base 13.
150c
What is -11100001100 (base 2) in base 8?
-3414
Convert -823 (base 13) to base 3.
-1220011
Convert 315 (base 9) to base 6.
1105
What is 320 (base 10) in base 7?
635
-179a (base 11) to base 10
-2287
Convert -15173 (base 11) to base 2.
-101001111111001
What is 101110000111011 (base 2) in base 9?
35344
What is 14014 (base 7) in base 10?
3784
What is -6ea (base 15) in base 3?
-2011011
373 (base 8) to base 16
fb
Convert 1291 (base 10) to base 12.
8b7
24452 (base 8) to base 10
10538
Convert 1100011101 (base 2) to base 9.
1075
34 (base 5) to base 11
18
5231 (base 8) to base 13
1309
23000 (base 4) to base 13
422
What is -2 (base 8) in base 3?
-2
Convert -2123 (base 11) to base 3.
-10212000
What is -1429 (base 13) in base 11?
-2204
d42 (base 14) to base 11
1a5a
Convert -202122 (base 4) to base 14.
-b34
545 (base 8) to base 6
1353
Convert -144145 (base 6) to base 15.
-41ae
-1938 (base 11) to base 14
-c7b
Convert 7524 (base 10) to base 6.
54500
Convert 6d3 (base 14) to base 6.
10145
What is a3 (base 11) in base 2?
1110001
Convert 495 (base 12) to base 9.
845
What is 4359 (base 10) in base 4?
1010013
-d51 (base 15) to base 5
-44001
-96 (base 10) to base 16
-60
4406 (base 9) to base 11
2491
Convert -203231 (base 4) to base 5.
-33120
1a03 (base 12) to base 6
22403
1101100010100 (base 2) to base 12
4018
What is -480 (base 10) in base 14?
-264
173a (base 12) to base 5
42112
-523 (base 7) to base 4
-10012
What is 1000101011 (base 2) in base 15?
270
What is 7124 (base 10) in base 16?
1bd4
1bb (base 13) to base 2
101000011
What is 62b (base 14) in base 9?
1600
3103132 (base 4) to base 16
34de
-1100100101 (base 2) to base 10
-805
What is 363 (base 8) in base 2?
11110011
What is -220222021 (base 3) in base 11?
-12750
-4b53 (base 15) to base 8
-37265
What is -31201 (base 4) in base 3?
-1012001
344 (base 5) to base 12
83
2101111 (base 3) to base 2
11011001101
Convert 242 (base 9) to base 4.
3020
What is 23468 (base 9) in base 7?
63521
What is -24 (base 8) in base 10?
-20
-10172 (base 9) to base 7
-25361
Convert 13736 (base 8) to base 7.
23546
Convert -1041115 (base 6) to base 13.
-1a93c
1333300 (base 4) to base 14
2da0
What is -60 (base 14) in base 6?
-220
Convert -206c6 (base 13) to base 6.
-1125522
What is -1202111121 (base 3) in base 8?
-103506
40323 (base 5) to base 3
10112212
What is 123343 (base 5) in base 7?
20064
a57 (base 14) to base 15
90c
What is -1167 (base 8) in base 16?
-277
-2643 (base 7) to base 5
-13021
Convert 1545 (base 7) to base 3.
212000
What is -463 (base 9) in base 12?
-279
What is 1cbb (base 14) in base 9?
7185
Convert -221111101 (base 3) to base 10.
-18586
Convert 31415 (base 6) to base 3.
12211202
What is 1000212 (base 3) in base 10?
752
What is -10220002 (base 4) in base 12?
-ab6a
Convert 4056 (base 7) to base 6.
10313
30 (base 8) to base 7
33
Convert -360263 (base 7) to base 10.
-64970
What is 67a2 (base 14) in base 4?
10120322
What is 52242 (base 7) in base 6?
135203
Convert -590 (base 12) to base 3.
-1010200
25b5 (base 15) to base 5
224140
What is -265 (base 12) in base 5?
-2430
104 (base 12) to base 10
148
1440 (base 12) to base 10
2352
Convert 10ca7 (base 13) to base 15.
9186
-4c02 (base 15) to base 4
-3331022
b04d (base 16) to base 13
1770a
Convert 354 (base 9) to base 11.
246
Convert 6039 (base 11) to base 12.
4790
Convert -1648 (base 13) to base 5.
-101041
Convert -a6a (base 11) to base 7.
-3515
-12232331 (base 4) to base 7
-143261
621 (base 16) to base 9
2133
What is -42100 (base 5) in base 14?
-1023
-131231 (base 4) to base 3
-2121102
What is -35521 (base 6) in base 7?
-21022
Convert 1000100101110 (base 2) to base 8.
10456
What is 12c1a (base 13) in base 5?
2110011
1010 (base 10) to base 4
33302
-225 (base 14) to base 2
-110101001
Convert 1420104 (base 5) to base 3.
1111100001
What is 2076 (base 12) in base 10?
3546
-105052 (base 9) to base 6
-1202245
What is d3e1 (base 16) in base 3?
2202101221
What is 48a (base 12) in base 15?
307
What is -2101000010 (base 3) in base 16?
-b643
-123311 (base 4) to base 13
-a70
Convert -3727 (base 8) to base 11.
-1565
What is 10687 (base 9) in base 5?
212001
Convert -22001112 (base 4) to base 5.
-2303141
Convert e92 (base 16) to base 12.
21aa
Convert 1252 (base 6) to base 13.
1b8
What is -6508 (base 9) in base 5?
-123122
Convert 87b0 (base 12) to base 13.
6a71
Convert 176b (base 16) to base 6.
43431
Convert -211 (base 9) to base 13.
-103
Convert 360 (base 8) to base 13.
156
-65653 (base 8) to base 2
-110101110101011
-2000110 (base 3) to base 9
-2013
What is -10000101101 (base 2) in base 10?
-1069
Convert -10011000110100 (base 2) to base 10.
-9780
Convert -101001101000100 (base 2) to base 12.
-10404
Convert -1110111101000 (base 2) to base 8.
-16750
Convert -271 (base 9) to base 16.
-e2
What is -79f (base 16) in base 4?
-132133
What is 23221 (base 4) in base 8?
1351
What is -118 (base 15) in base 12?
-188
111110010111101 (base 2) to base 6
403501
Convert -2183 (base 11) to base 4.
-230322
Convert -1101030 (base 5) to base 4.
-10213022
What is 1202 (base 9) in base 16?
37d
What is 3607 (base 9) in base 16?
a78
657 (base 12) to base 10
931
26812 (base 9) to base 3
220220102
What is -2067 (base 12) in base 15?
-10aa
What is -2b1 (base 12) in base 10?
-421
Convert 10745 (base 11) to base 15.
490c
What is 1d141 (base 14) in base 5?
4334331
What is 17b (base 12) in base 13?
155
Convert 1015 (base 7) to base 14.
1b5
-be4c (base 16) to base 11
-33668
Convert -13013 (base 4) to base 13.
-290
What is 1002 (base 11) in base 8?
2465
21121021 (base 3) to base 16
15a6
Convert -2001 (base 3) to base 13.
-43
-13443 (base 6) to base 16
-843
-1737 (base 8) to base 12
-6a7
20b7 (base 13) to base 14
1928
203220 (base 4) to base 11
1793
What is 105 (base 16) in base 3?
100200
-9b8 (base 13) to base 6
-11